{"id":2511,"date":"2018-05-18T12:18:38","date_gmt":"2018-05-18T10:18:38","guid":{"rendered":"https:\/\/www.cmalleida.com\/espacio-colegiado\/rsc\/"},"modified":"2025-06-13T10:44:40","modified_gmt":"2025-06-13T08:44:40","slug":"rsc","status":"publish","type":"page","link":"https:\/\/www.cmalleida.com\/es\/rsc\/","title":{"rendered":"Responsabilidad Social Corporativa"},"content":{"rendered":"<p>[vc_row][vc_column][vc_column_text]<\/p>\n<h3 class=\"titseccio paginaBase\" style=\"margin-top: 0px;\">RESPONSABILIDAD SOCIAL CORPORATIVA<\/h3>\n<p>Para el Colegio de Mediadores de Seguros de Lleida, la RSC es compromiso, voluntariado, cuidar del entorno, ir m\u00e1s all\u00e1 de las acciones de nuestro d\u00eda a d\u00eda laboral para intentar aportar algo relevante en la sociedad que nos rodea .<\/p>\n<p>Desde el Colegio de Mediadores de Seguros se est\u00e1 empezando a plantear diferentes acciones de RSC como campa\u00f1as de reciclaje, campa\u00f1as de recogida de ropa y juguetes, colaboraci\u00f3n con entidades sin \u00e1nimo de lucro, vinculaci\u00f3n con entidades fuera del mundo el seguro &#8230; todo ello para sumar esfuerzos en \u00e1mbitos fuera de nuestra profesi\u00f3n.[\/vc_column_text][\/vc_column][\/vc_row][vc_row][vc_column][vc_basic_grid post_type=\u00bbpost\u00bb max_items=\u00bb100&#8243; style=\u00bbload-more\u00bb items_per_page=\u00bb12&#8243; initial_loading_animation=\u00bbnone\u00bb grid_id=\u00bbvc_gid:1749804162984-ffe06ac6-d262-2&#8243; taxonomies=\u00bb133&#8243;][\/vc_column][\/vc_row]<\/p>\n","protected":false},"excerpt":{"rendered":"<p>[vc_row][vc_column][vc_column_text] RESPONSABILIDAD SOCIAL CORPORATIVA Para el Colegio de Mediadores de Seguros de Lleida, la RSC es compromiso, voluntariado, cuidar del entorno, ir m\u00e1s all\u00e1 de&#8230; <a href=\"https:\/\/www.cmalleida.com\/es\/rsc\/\" rel=\"nofollow\" class=\"lollegirmes\">Llegeix m\u00e9s<\/a><\/p>\n","protected":false},"author":153,"featured_media":0,"parent":0,"menu_order":0,"comment_status":"closed","ping_status":"closed","template":"template-pageAmbtitol.php","meta":{"_acf_changed":false,"_genesis_hide_title":false,"_genesis_hide_breadcrumbs":false,"_genesis_hide_singular_image":false,"_genesis_hide_footer_widgets":false,"_genesis_custom_body_class":"","_genesis_custom_post_class":"","_genesis_layout":"","footnotes":""},"class_list":{"0":"post-2511","1":"page","2":"type-page","3":"status-publish","5":"entry"},"acf":[],"yoast_head":"<!-- This site is optimized with the Yoast SEO plugin v27.2 - https:\/\/yoast.com\/product\/yoast-seo-wordpress\/ -->\n<title>Responsabilidad Social Corporativa - Col\u00b7legi de Mediadors d&#039;Assegurances de Lleida<\/title>\n<meta name=\"robots\" content=\"index, follow, max-snippet:-1, max-image-preview:large, max-video-preview:-1\" \/>\n<link rel=\"canonical\" href=\"https:\/\/www.cmalleida.com\/es\/rsc\/\" \/>\n<meta property=\"og:locale\" content=\"es_ES\" \/>\n<meta property=\"og:type\" content=\"article\" \/>\n<meta property=\"og:title\" content=\"Responsabilidad Social Corporativa - Col\u00b7legi de Mediadors d&#039;Assegurances de Lleida\" \/>\n<meta property=\"og:description\" content=\"[vc_row][vc_column][vc_column_text] RESPONSABILIDAD SOCIAL CORPORATIVA Para el Colegio de Mediadores de Seguros de Lleida, la RSC es compromiso, voluntariado, cuidar del entorno, ir m\u00e1s all\u00e1 de... Llegeix m\u00e9s\" \/>\n<meta property=\"og:url\" content=\"https:\/\/www.cmalleida.com\/es\/rsc\/\" \/>\n<meta property=\"og:site_name\" content=\"Col\u00b7legi de Mediadors d&#039;Assegurances de Lleida\" \/>\n<meta property=\"article:modified_time\" content=\"2025-06-13T08:44:40+00:00\" \/>\n<meta name=\"twitter:card\" content=\"summary_large_image\" \/>\n<meta name=\"twitter:label1\" content=\"Est. reading time\" \/>\n\t<meta name=\"twitter:data1\" content=\"1 minuto\" \/>\n<script type=\"application\/ld+json\" class=\"yoast-schema-graph\">{\"@context\":\"https:\/\/schema.org\",\"@graph\":[{\"@type\":\"WebPage\",\"@id\":\"https:\/\/www.cmalleida.com\/es\/rsc\/\",\"url\":\"https:\/\/www.cmalleida.com\/es\/rsc\/\",\"name\":\"Responsabilidad Social Corporativa - Col\u00b7legi de Mediadors d&#039;Assegurances de Lleida\",\"isPartOf\":{\"@id\":\"https:\/\/www.cmalleida.com\/es\/#website\"},\"datePublished\":\"2018-05-18T10:18:38+00:00\",\"dateModified\":\"2025-06-13T08:44:40+00:00\",\"breadcrumb\":{\"@id\":\"https:\/\/www.cmalleida.com\/es\/rsc\/#breadcrumb\"},\"inLanguage\":\"es\",\"potentialAction\":[{\"@type\":\"ReadAction\",\"target\":[\"https:\/\/www.cmalleida.com\/es\/rsc\/\"]}]},{\"@type\":\"BreadcrumbList\",\"@id\":\"https:\/\/www.cmalleida.com\/es\/rsc\/#breadcrumb\",\"itemListElement\":[{\"@type\":\"ListItem\",\"position\":1,\"name\":\"Inici\",\"item\":\"https:\/\/www.cmalleida.com\/es\/\"},{\"@type\":\"ListItem\",\"position\":2,\"name\":\"Responsabilidad Social Corporativa\"}]},{\"@type\":\"WebSite\",\"@id\":\"https:\/\/www.cmalleida.com\/es\/#website\",\"url\":\"https:\/\/www.cmalleida.com\/es\/\",\"name\":\"Col\u00b7legi de Mediadors d&#039;Assegurances de Lleida\",\"description\":\"Otro sitio realizado con WordPress\",\"publisher\":{\"@id\":\"https:\/\/www.cmalleida.com\/es\/#organization\"},\"potentialAction\":[{\"@type\":\"SearchAction\",\"target\":{\"@type\":\"EntryPoint\",\"urlTemplate\":\"https:\/\/www.cmalleida.com\/es\/?s={search_term_string}\"},\"query-input\":{\"@type\":\"PropertyValueSpecification\",\"valueRequired\":true,\"valueName\":\"search_term_string\"}}],\"inLanguage\":\"es\"},{\"@type\":\"Organization\",\"@id\":\"https:\/\/www.cmalleida.com\/es\/#organization\",\"name\":\"Col\u00b7legi de Mediadors d'Assegurances de Lleida\",\"url\":\"https:\/\/www.cmalleida.com\/es\/\",\"logo\":{\"@type\":\"ImageObject\",\"inLanguage\":\"es\",\"@id\":\"https:\/\/www.cmalleida.com\/es\/#\/schema\/logo\/image\/\",\"url\":\"\",\"contentUrl\":\"\",\"caption\":\"Col\u00b7legi de Mediadors d'Assegurances de Lleida\"},\"image\":{\"@id\":\"https:\/\/www.cmalleida.com\/es\/#\/schema\/logo\/image\/\"}}]}<\/script>\n<!-- \/ Yoast SEO plugin. -->","yoast_head_json":{"title":"Responsabilidad Social Corporativa - Col\u00b7legi de Mediadors d&#039;Assegurances de Lleida","robots":{"index":"index","follow":"follow","max-snippet":"max-snippet:-1","max-image-preview":"max-image-preview:large","max-video-preview":"max-video-preview:-1"},"canonical":"https:\/\/www.cmalleida.com\/es\/rsc\/","og_locale":"es_ES","og_type":"article","og_title":"Responsabilidad Social Corporativa - Col\u00b7legi de Mediadors d&#039;Assegurances de Lleida","og_description":"[vc_row][vc_column][vc_column_text] RESPONSABILIDAD SOCIAL CORPORATIVA Para el Colegio de Mediadores de Seguros de Lleida, la RSC es compromiso, voluntariado, cuidar del entorno, ir m\u00e1s all\u00e1 de... Llegeix m\u00e9s","og_url":"https:\/\/www.cmalleida.com\/es\/rsc\/","og_site_name":"Col\u00b7legi de Mediadors d&#039;Assegurances de Lleida","article_modified_time":"2025-06-13T08:44:40+00:00","twitter_card":"summary_large_image","twitter_misc":{"Est. reading time":"1 minuto"},"schema":{"@context":"https:\/\/schema.org","@graph":[{"@type":"WebPage","@id":"https:\/\/www.cmalleida.com\/es\/rsc\/","url":"https:\/\/www.cmalleida.com\/es\/rsc\/","name":"Responsabilidad Social Corporativa - Col\u00b7legi de Mediadors d&#039;Assegurances de Lleida","isPartOf":{"@id":"https:\/\/www.cmalleida.com\/es\/#website"},"datePublished":"2018-05-18T10:18:38+00:00","dateModified":"2025-06-13T08:44:40+00:00","breadcrumb":{"@id":"https:\/\/www.cmalleida.com\/es\/rsc\/#breadcrumb"},"inLanguage":"es","potentialAction":[{"@type":"ReadAction","target":["https:\/\/www.cmalleida.com\/es\/rsc\/"]}]},{"@type":"BreadcrumbList","@id":"https:\/\/www.cmalleida.com\/es\/rsc\/#breadcrumb","itemListElement":[{"@type":"ListItem","position":1,"name":"Inici","item":"https:\/\/www.cmalleida.com\/es\/"},{"@type":"ListItem","position":2,"name":"Responsabilidad Social Corporativa"}]},{"@type":"WebSite","@id":"https:\/\/www.cmalleida.com\/es\/#website","url":"https:\/\/www.cmalleida.com\/es\/","name":"Col\u00b7legi de Mediadors d&#039;Assegurances de Lleida","description":"Otro sitio realizado con WordPress","publisher":{"@id":"https:\/\/www.cmalleida.com\/es\/#organization"},"potentialAction":[{"@type":"SearchAction","target":{"@type":"EntryPoint","urlTemplate":"https:\/\/www.cmalleida.com\/es\/?s={search_term_string}"},"query-input":{"@type":"PropertyValueSpecification","valueRequired":true,"valueName":"search_term_string"}}],"inLanguage":"es"},{"@type":"Organization","@id":"https:\/\/www.cmalleida.com\/es\/#organization","name":"Col\u00b7legi de Mediadors d'Assegurances de Lleida","url":"https:\/\/www.cmalleida.com\/es\/","logo":{"@type":"ImageObject","inLanguage":"es","@id":"https:\/\/www.cmalleida.com\/es\/#\/schema\/logo\/image\/","url":"","contentUrl":"","caption":"Col\u00b7legi de Mediadors d'Assegurances de Lleida"},"image":{"@id":"https:\/\/www.cmalleida.com\/es\/#\/schema\/logo\/image\/"}}]}},"_links":{"self":[{"href":"https:\/\/www.cmalleida.com\/es\/wp-json\/wp\/v2\/pages\/2511","targetHints":{"allow":["GET"]}}],"collection":[{"href":"https:\/\/www.cmalleida.com\/es\/wp-json\/wp\/v2\/pages"}],"about":[{"href":"https:\/\/www.cmalleida.com\/es\/wp-json\/wp\/v2\/types\/page"}],"author":[{"embeddable":true,"href":"https:\/\/www.cmalleida.com\/es\/wp-json\/wp\/v2\/users\/153"}],"replies":[{"embeddable":true,"href":"https:\/\/www.cmalleida.com\/es\/wp-json\/wp\/v2\/comments?post=2511"}],"version-history":[{"count":22,"href":"https:\/\/www.cmalleida.com\/es\/wp-json\/wp\/v2\/pages\/2511\/revisions"}],"predecessor-version":[{"id":14560,"href":"https:\/\/www.cmalleida.com\/es\/wp-json\/wp\/v2\/pages\/2511\/revisions\/14560"}],"wp:attachment":[{"href":"https:\/\/www.cmalleida.com\/es\/wp-json\/wp\/v2\/media?parent=2511"}],"curies":[{"name":"wp","href":"https:\/\/api.w.org\/{rel}","templated":true}]}}

<p>[vc_row][vc_column][vc_column_text]</p>
<h3 class="titseccio paginaBase" style="margin-top: 0px;">RESPONSABILIDAD SOCIAL CORPORATIVA</h3>
<p>Para el Colegio de Mediadores de Seguros de Lleida, la RSC es compromiso, voluntariado, cuidar del entorno, ir más allá de las acciones de nuestro día a día laboral para intentar aportar algo relevante en la sociedad que nos rodea .</p>
<p>Desde el Colegio de Mediadores de Seguros se está empezando a plantear diferentes acciones de RSC como campañas de reciclaje, campañas de recogida de ropa y juguetes, colaboración con entidades sin ánimo de lucro, vinculación con entidades fuera del mundo el seguro &#8230; todo ello para sumar esfuerzos en ámbitos fuera de nuestra profesión.[/vc_column_text][/vc_column][/vc_row][vc_row][vc_column][vc_basic_grid post_type=»post» max_items=»100&#8243; style=»load-more» items_per_page=»12&#8243; initial_loading_animation=»none» grid_id=»vc_gid:1749804162984-ffe06ac6-d262-2&#8243; taxonomies=»133&#8243;][/vc_column][/vc_row]</p>

<p>[vc_row][vc_column][vc_column_text] RESPONSABILIDAD SOCIAL CORPORATIVA Para el Colegio de Mediadores de Seguros de Lleida, la RSC es compromiso, voluntariado, cuidar del entorno, ir más allá de&#8230; <a href="https://www.cmalleida.com/es/rsc/" rel="nofollow" class="lollegirmes">Llegeix més</a></p>

<!-- This site is optimized with the Yoast SEO plugin v27.2 - https://yoast.com/product/yoast-seo-wordpress/ -->
<title>Responsabilidad Social Corporativa - Col·legi de Mediadors d&#039;Assegurances de Lleida</title>
<meta name="robots" content="index, follow, max-snippet:-1, max-image-preview:large, max-video-preview:-1" />
<link rel="canonical" href="https://www.cmalleida.com/es/rsc/" />
<meta property="og:locale" content="es_ES" />
<meta property="og:type" content="article" />
<meta property="og:title" content="Responsabilidad Social Corporativa - Col·legi de Mediadors d&#039;Assegurances de Lleida" />
<meta property="og:description" content="[vc_row][vc_column][vc_column_text] RESPONSABILIDAD SOCIAL CORPORATIVA Para el Colegio de Mediadores de Seguros de Lleida, la RSC es compromiso, voluntariado, cuidar del entorno, ir más allá de... Llegeix més" />
<meta property="og:url" content="https://www.cmalleida.com/es/rsc/" />
<meta property="og:site_name" content="Col·legi de Mediadors d&#039;Assegurances de Lleida" />
<meta property="article:modified_time" content="2025-06-13T08:44:40+00:00" />
<meta name="twitter:card" content="summary_large_image" />
<meta name="twitter:label1" content="Est. reading time" />
	<meta name="twitter:data1" content="1 minuto" />
<script type="application/ld+json" class="yoast-schema-graph">{"@context":"https://schema.org","@graph":[{"@type":"WebPage","@id":"https://www.cmalleida.com/es/rsc/","url":"https://www.cmalleida.com/es/rsc/","name":"Responsabilidad Social Corporativa - Col·legi de Mediadors d&#039;Assegurances de Lleida","isPartOf":{"@id":"https://www.cmalleida.com/es/#website"},"datePublished":"2018-05-18T10:18:38+00:00","dateModified":"2025-06-13T08:44:40+00:00","breadcrumb":{"@id":"https://www.cmalleida.com/es/rsc/#breadcrumb"},"inLanguage":"es","potentialAction":[{"@type":"ReadAction","target":["https://www.cmalleida.com/es/rsc/"]}]},{"@type":"BreadcrumbList","@id":"https://www.cmalleida.com/es/rsc/#breadcrumb","itemListElement":[{"@type":"ListItem","position":1,"name":"Inici","item":"https://www.cmalleida.com/es/"},{"@type":"ListItem","position":2,"name":"Responsabilidad Social Corporativa"}]},{"@type":"WebSite","@id":"https://www.cmalleida.com/es/#website","url":"https://www.cmalleida.com/es/","name":"Col·legi de Mediadors d&#039;Assegurances de Lleida","description":"Otro sitio realizado con WordPress","publisher":{"@id":"https://www.cmalleida.com/es/#organization"},"potentialAction":[{"@type":"SearchAction","target":{"@type":"EntryPoint","urlTemplate":"https://www.cmalleida.com/es/?s={search_term_string}"},"query-input":{"@type":"PropertyValueSpecification","valueRequired":true,"valueName":"search_term_string"}}],"inLanguage":"es"},{"@type":"Organization","@id":"https://www.cmalleida.com/es/#organization","name":"Col·legi de Mediadors d'Assegurances de Lleida","url":"https://www.cmalleida.com/es/","logo":{"@type":"ImageObject","inLanguage":"es","@id":"https://www.cmalleida.com/es/#/schema/logo/image/","url":"","contentUrl":"","caption":"Col·legi de Mediadors d'Assegurances de Lleida"},"image":{"@id":"https://www.cmalleida.com/es/#/schema/logo/image/"}}]}</script>
<!-- / Yoast SEO plugin. -->

[vc_row][vc_column][vc_column_text] RESPONSABILIDAD SOCIAL CORPORATIVA Para el Colegio de Mediadores de Seguros de Lleida, la RSC es compromiso, voluntariado, cuidar del entorno, ir más allá de... Llegeix més
